{"id":63,"date":"2023-09-06T13:37:18","date_gmt":"2023-09-06T11:37:18","guid":{"rendered":"https:\/\/ed-neptune-plongee.fr\/?page_id=63"},"modified":"2023-09-06T22:30:08","modified_gmt":"2023-09-06T20:30:08","slug":"neptune-plongee","status":"publish","type":"page","link":"https:\/\/ed-neptune-plongee.fr\/index.php\/neptune-plongee\/","title":{"rendered":"Neptune plong\u00e9e ?"},"content":{"rendered":"\n<p><strong>Section Editions Neptune Plong\u00e9e<\/strong><\/p>\n\n\n\n<p>25 impasse des Micocouliers&nbsp;84400 GARGAS \u2010 FRANCE<\/p>\n\n\n\n<p><strong><a href=\"mailto:editionsneptuneplongee@gmail.com\">editionsneptuneplongee@gmail.com<\/a><\/strong><\/p>\n\n\n\n<p>_____<\/p>\n\n\n\n<p><strong>Les carnets du plongeur<\/strong><\/p>\n\n\n\n<p>_____<\/p>\n\n\n\n<p>L&rsquo;\u00e9dition et la gestion des publications \u00ab\u00a0ENP\u00a0\u00bb sont sous l&rsquo;enti\u00e8re responsabilit\u00e9 de l&rsquo;association Neptune Plong\u00e9e, club de plong\u00e9e subaquatique affili\u00e9 \u00e0 la F\u00e9d\u00e9ration Fran\u00e7aise d&rsquo;Etudes et de Sports Sous-Marins (<a href=\"http:\/\/www.ffessm.fr\/\" target=\"_blank\" rel=\"noreferrer noopener\"><strong>FFESSM<\/strong><\/a>) sous le num\u00e9ro 12840314. Association agr\u00e9\u00e9e \u00e0 la DDJS sous le num\u00e9ro 84-2003-04 et domicili\u00e9e \u00e0 APT (84400) dans le Luberon.<\/p>\n\n\n\n<p>Les membres de cette association collaborent majoritairement au programme\u00a0<strong><a href=\"http:\/\/doris.ffessm.fr\/\" target=\"_blank\" rel=\"noreferrer noopener\">DORIS<\/a><\/strong>\u00a0de la FFESSM.<\/p>\n\n\n\n<p>L&rsquo;utilisation des logos \u00ab\u00a0DORIS\u00a0\u00bb, \u00ab\u00a0FFESSM\u00a0\u00bb et la phrase \u00ab\u00a0Ouvrage de r\u00e9f\u00e9rence\u00a0\u00bb sur les couvertures des publications et les bons de commandes ont fait l&rsquo;objet d&rsquo;une convention entre la FFESSM et le club Neptune Plong\u00e9e. Il en est de m\u00eame de tous les partenariats et soutiens \u00e0 chacun des ouvrages \u00e9dit\u00e9s par les ENP.&nbsp; &nbsp; &nbsp; &nbsp;<\/p>\n\n\n\n<p><em>B\u00e9atrice Lanza,<\/em><\/p>\n\n\n\n<p><em>Pr\u00e9sidente de Neptune Plong\u00e9e, responsable des Editions Neptune Plong\u00e9e et coordonnatrice f\u00e9d\u00e9rale du livre.<\/em>&nbsp;<\/p>\n\n\n\n<p><em>Conception et r\u00e9alisation du site internet :&nbsp;Fr\u00e9d\u00e9ric Andr\u00e9.<\/em><\/p>\n\n\n\n<p><em>Conception et r\u00e9alisation de tous les documents visuels et des formulaires :&nbsp;Ga\u00ebl Rochefort.<\/em><\/p>\n","protected":false},"excerpt":{"rendered":"<p>Section Editions Neptune Plong\u00e9e 25 impasse des Micocouliers&nbsp;84400 GARGAS \u2010 FRANCE editionsneptuneplongee@gmail.com _____ Les carnets du plongeur _____ L&rsquo;\u00e9dition et la gestion des publications \u00ab\u00a0ENP\u00a0\u00bb sont sous l&rsquo;enti\u00e8re responsabilit\u00e9 de l&rsquo;association Neptune Plong\u00e9e, club de plong\u00e9e subaquatique affili\u00e9 \u00e0 la F\u00e9d\u00e9ration Fran\u00e7aise d&rsquo;Etudes et de Sports Sous-Marins (FFESSM) sous le num\u00e9ro 12840314. Association agr\u00e9\u00e9e \u00e0 [&hellip;]<\/p>\n","protected":false},"author":1,"featured_media":0,"parent":0,"menu_order":0,"comment_status":"closed","ping_status":"closed","template":"","meta":{"footnotes":""},"class_list":["post-63","page","type-page","status-publish","hentry"],"_links":{"self":[{"href":"https:\/\/ed-neptune-plongee.fr\/index.php\/wp-json\/wp\/v2\/pages\/63","targetHints":{"allow":["GET"]}}],"collection":[{"href":"https:\/\/ed-neptune-plongee.fr\/index.php\/wp-json\/wp\/v2\/pages"}],"about":[{"href":"https:\/\/ed-neptune-plongee.fr\/index.php\/wp-json\/wp\/v2\/types\/page"}],"author":[{"embeddable":true,"href":"https:\/\/ed-neptune-plongee.fr\/index.php\/wp-json\/wp\/v2\/users\/1"}],"replies":[{"embeddable":true,"href":"https:\/\/ed-neptune-plongee.fr\/index.php\/wp-json\/wp\/v2\/comments?post=63"}],"version-history":[{"count":5,"href":"https:\/\/ed-neptune-plongee.fr\/index.php\/wp-json\/wp\/v2\/pages\/63\/revisions"}],"predecessor-version":[{"id":126,"href":"https:\/\/ed-neptune-plongee.fr\/index.php\/wp-json\/wp\/v2\/pages\/63\/revisions\/126"}],"wp:attachment":[{"href":"https:\/\/ed-neptune-plongee.fr\/index.php\/wp-json\/wp\/v2\/media?parent=63"}],"curies":[{"name":"wp","href":"https:\/\/api.w.org\/{rel}","templated":true}]}}