{"id":97,"date":"2023-09-06T15:16:03","date_gmt":"2023-09-06T13:16:03","guid":{"rendered":"https:\/\/ed-neptune-plongee.fr\/?page_id=97"},"modified":"2025-04-11T17:01:42","modified_gmt":"2025-04-11T15:01:42","slug":"bryozoaires","status":"publish","type":"page","link":"https:\/\/ed-neptune-plongee.fr\/index.php\/bryozoaires\/","title":{"rendered":"Bryozoaires"},"content":{"rendered":"\n<p><strong>Les carnets du plongeur<\/strong><\/p>\n\n\n\n<p>ISBN: 978-2-9548084-0-6<\/p>\n\n\n\n<p>Epuis\u00e9 au 11\/2019, <strong>r\u00e9\u00e9dition non programm\u00e9e \u00e0 ce jour<\/strong><\/p>\n\n\n\n<figure class=\"wp-block-image size-full\"><img loading=\"lazy\" decoding=\"async\" width=\"630\" height=\"447\" src=\"https:\/\/ed-neptune-plongee.fr\/wp-content\/uploads\/2023\/09\/Couverture-Bryozoaires-dEurope-les-carnets-du-plongeur-ENP.jpg\" alt=\"\" class=\"wp-image-98\" srcset=\"https:\/\/ed-neptune-plongee.fr\/wp-content\/uploads\/2023\/09\/Couverture-Bryozoaires-dEurope-les-carnets-du-plongeur-ENP.jpg 630w, https:\/\/ed-neptune-plongee.fr\/wp-content\/uploads\/2023\/09\/Couverture-Bryozoaires-dEurope-les-carnets-du-plongeur-ENP-300x213.jpg 300w\" sizes=\"auto, (max-width: 630px) 100vw, 630px\" \/><\/figure>\n\n\n<div class=\"wp-block-image\">\n<figure class=\"aligncenter size-full is-resized\"><img loading=\"lazy\" decoding=\"async\" width=\"400\" height=\"557\" src=\"https:\/\/ed-neptune-plongee.fr\/wp-content\/uploads\/2023\/09\/4auteurs-Bryozoaires-ENP.jpg\" alt=\"\" class=\"wp-image-100\" style=\"width:503px;height:700px\" srcset=\"https:\/\/ed-neptune-plongee.fr\/wp-content\/uploads\/2023\/09\/4auteurs-Bryozoaires-ENP.jpg 400w, https:\/\/ed-neptune-plongee.fr\/wp-content\/uploads\/2023\/09\/4auteurs-Bryozoaires-ENP-215x300.jpg 215w\" sizes=\"auto, (max-width: 400px) 100vw, 400px\" \/><\/figure>\n<\/div>","protected":false},"excerpt":{"rendered":"<p>Les carnets du plongeur ISBN: 978-2-9548084-0-6 Epuis\u00e9 au 11\/2019, r\u00e9\u00e9dition non programm\u00e9e \u00e0 ce jour<\/p>\n","protected":false},"author":1,"featured_media":0,"parent":0,"menu_order":0,"comment_status":"closed","ping_status":"closed","template":"","meta":{"footnotes":""},"class_list":["post-97","page","type-page","status-publish","hentry"],"_links":{"self":[{"href":"https:\/\/ed-neptune-plongee.fr\/index.php\/wp-json\/wp\/v2\/pages\/97","targetHints":{"allow":["GET"]}}],"collection":[{"href":"https:\/\/ed-neptune-plongee.fr\/index.php\/wp-json\/wp\/v2\/pages"}],"about":[{"href":"https:\/\/ed-neptune-plongee.fr\/index.php\/wp-json\/wp\/v2\/types\/page"}],"author":[{"embeddable":true,"href":"https:\/\/ed-neptune-plongee.fr\/index.php\/wp-json\/wp\/v2\/users\/1"}],"replies":[{"embeddable":true,"href":"https:\/\/ed-neptune-plongee.fr\/index.php\/wp-json\/wp\/v2\/comments?post=97"}],"version-history":[{"count":4,"href":"https:\/\/ed-neptune-plongee.fr\/index.php\/wp-json\/wp\/v2\/pages\/97\/revisions"}],"predecessor-version":[{"id":132,"href":"https:\/\/ed-neptune-plongee.fr\/index.php\/wp-json\/wp\/v2\/pages\/97\/revisions\/132"}],"wp:attachment":[{"href":"https:\/\/ed-neptune-plongee.fr\/index.php\/wp-json\/wp\/v2\/media?parent=97"}],"curies":[{"name":"wp","href":"https:\/\/api.w.org\/{rel}","templated":true}]}}